test common divisor of 13 and 481?
13
What is the greatest common divisor of 100 and 12?
4
What is the highest common divisor of 2268 and 168?
84
What is the highest common divisor of 24293 and 68?
17
What is the highest common divisor of 59 and 5192?
59
What is the greatest common divisor of 90 and 37260?
90
What is the highest common factor of 113 and 29719?
113
What is the highest common divisor of 5 and 1385?
5
What is the highest common divisor of 18293 and 11?
11
Calculate the greatest common factor of 1275 and 4125.
75
Calculate the highest common divisor of 51 and 22032.
51
Calculate the greatest common factor of 82 and 164.
82
What is the greatest common factor of 20 and 380?
20
Calculate the highest common factor of 6 and 302.
2
Calculate the greatest common divisor of 46 and 138.
46
What is the greatest common divisor of 825 and 55?
55
What is the highest common factor of 2541 and 21?
21
What is the greatest common factor of 164 and 8?
4
Calculate the greatest common factor of 1027 and 395.
79
What is the highest common factor of 20777 and 79?
79
Calculate the highest common factor of 1856 and 1363.
29
Calculate the highest common factor of 30 and 15.
15
What is the greatest common divisor of 53 and 954?
53
What is the greatest common divisor of 88 and 2816?
88
What is the highest common factor of 752 and 72?
8
Calculate the highest common divisor of 23 and 8.
1
What is the greatest common factor of 1885 and 45?
5
Calculate the highest common factor of 161 and 7.
7
What is the greatest common factor of 210 and 546?
42
What is the greatest common divisor of 161 and 27692?
161
Calculate the highest common divisor of 2123 and 77.
11
Calculate the greatest common factor of 6021 and 27.
27
Calculate the greatest common factor of 226 and 339.
113
What is the highest common divisor of 63 and 423?
9
What is the highest common divisor of 520 and 1833?
13
What is the greatest common factor of 301 and 86?
43
What is the highest common divisor of 12 and 108144?
12
What is the greatest common divisor of 968 and 32?
8
Calculate the highest common divisor of 10 and 90.
10
What is the highest common divisor of 53 and 1431?
53
What is the highest common divisor of 21 and 21?
21
What is the greatest common divisor of 88 and 9372?
44
What is the highest common factor of 63 and 1827?
63
Calculate the greatest common factor of 24 and 4044.
12
Calculate the greatest common divisor of 74 and 1258.
74
What is the greatest common divisor of 44652 and 12?
12
What is the highest common divisor of 162 and 729?
81
What is the highest common divisor of 390 and 13962?
78
What is the greatest common factor of 50 and 6775?
25
Calculate the greatest common divisor of 510 and 30.
30
What is the greatest common divisor of 192 and 564?
12
What is the highest common factor of 126 and 1071?
63
What is the highest common factor of 28 and 3976?
28
Calculate the greatest common factor of 1092 and 26.
26
What is the greatest common divisor of 1948 and 4?
4
What is the highest common factor of 12 and 186?
6
What is the greatest common divisor of 667 and 391?
23
What is the highest common factor of 667 and 87?
29
What is the highest common divisor of 957 and 1450?
29
Calculate the greatest common factor of 25 and 5.
5
Calculate the highest common divisor of 10 and 4455.
5
What is the greatest common factor of 165 and 121?
11
What is the greatest common factor of 603 and 201?
201
Calculate the highest common divisor of 2187 and 9.
9
What is the greatest common divisor of 40 and 760?
40
What is the highest common divisor of 918 and 8466?
102
Calculate the highest common factor of 666 and 74.
74
Calculate the greatest common divisor of 80 and 2176.
16
Calculate the highest common divisor of 336 and 448.
112
Calculate the greatest common divisor of 1719 and 27.
9
Calculate the highest common factor of 1054 and 62.
62
What is the highest common factor of 212 and 742?
106
Calculate the highest common factor of 252 and 576.
36
What is the highest common factor of 2002 and 11726?
286
What is the greatest common divisor of 810 and 260?
10
Calculate the highest common divisor of 60 and 12.
12
What is the greatest common divisor of 129 and 2537?
43
Calculate the greatest common factor of 34 and 34.
34
What is the greatest common divisor of 1050 and 100?
50
What is the greatest common divisor of 535 and 107?
107
What is the greatest common factor of 30 and 9?
3
Calculate the greatest common factor of 154 and 189.
7
Calculate the highest common factor of 51 and 867.
51
Calculate the greatest common divisor of 51 and 119.
17
Calculate the greatest common factor of 2555 and 35.
35
What is the highest common factor of 16 and 144?
16
Calculate the greatest common divisor of 14 and 266.
14
What is the highest common divisor of 28 and 252?
28
Calculate the highest common divisor of 1088 and 32.
32
What is the highest common divisor of 220 and 3630?
110
Calculate the highest common divisor of 32 and 6.
2
What is the greatest common divisor of 8 and 726?
2
What is the greatest common factor of 24 and 90?
6
Calculate the greatest common divisor of 403 and 13.
13
What is the highest common divisor of 1837 and 33?
11
Calculate the highest common divisor of 144 and 1212.
12
Calculate the greatest common divisor of 12 and 384.
12
Calculate the highest common divisor of 37 and 33818.
37
What is the highest common divisor of 17523 and 33?
33
Calculate the highest common factor of 75 and 3675.
75
Calculate the greatest common divisor of 533 and 52.
13
Calculate the highest common factor of 365 and 73.
73
What is the highest common factor of 3 and 4803?
3
Calculate the greatest common divisor of 852 and 12.
12
Calculate the greatest common factor of 2565 and 675.
135
Calculate the highest common divisor of 808 and 8.
8
Calculate the highest common divisor of 3475 and 25.
25
What is the greatest common factor of 604 and 18?
2
What is the greatest common factor of 190 and 13870?
190
Calculate the highest common divisor of 6525 and 675.
225
Calculate the highest common factor of 272 and 1666.
34
Calculate the greatest common factor of 16856 and 43.
43
Calculate the greatest common divisor of 76 and 646.
38
What is the highest common factor of 22493 and 83?
83
Calculate the greatest common divisor of 2684 and 88.
44
What is the highest common divisor of 177 and 3?
3
What is the highest common factor of 2838 and 33?
33
Calculate the greatest common divisor of 35310 and 165.
165
What is the highest common factor of 165 and 45705?
165
Calculate the highest common factor of 11 and 3707.
11
What is the greatest common factor of 42 and 318?
6
What is the greatest common divisor of 42219 and 9?
9
What is the highest common factor of 841 and 29?
29
What is the highest common divisor of 4020 and 15?
15
Calculate the greatest common divisor of 1044 and 20.
4
Calculate the highest common factor of 11 and 1111.
11
What is the highest common divisor of 1728 and 5832?
216
Calculate the highest common divisor of 448 and 518.
14
Calculate the greatest common factor of 22 and 66022.
22
What is the greatest common factor of 4484 and 2183?
59
What is the highest common factor of 79 and 79?
79
Calculate the greatest common divisor of 10 and 545.
5
What is the greatest common factor of 22 and 341?
11
What is the highest common factor of 375 and 75?
75
What is the highest common factor of 24 and 768?
24
Calculate the highest common divisor of 175 and 21.
7
Calculate the highest common divisor of 3332 and 340.
68
Calculate the highest common factor of 26472 and 12.
12
Calculate the greatest common factor of 140 and 30.
10
Calculate the greatest common factor of 3 and 597.
3
Calculate the highest common factor of 26772 and 276.
276
What is the greatest common divisor of 2 and 1294?
2
Calculate the greatest common factor of 234 and 338.
26
Calculate the greatest common divisor of 2599 and 1243.
113
What is the greatest common factor of 20 and 1930?
10
What is the highest common factor of 423 and 2256?
141
Calculate the greatest common factor of 109 and 85783.
109
Calculate the greatest common factor of 6 and 10866.
6
Calculate the highest common divisor of 189 and 9.
9
What is the highest common factor of 972 and 60?
12
What is t